{"id":10340,"date":"2025-12-16T09:17:05","date_gmt":"2025-12-16T14:17:05","guid":{"rendered":"https:\/\/new2025.bogobeth.co\/?post_type=product&#038;p=10340"},"modified":"2026-01-20T10:38:20","modified_gmt":"2026-01-20T15:38:20","slug":"pijama-termica","status":"publish","type":"product","link":"https:\/\/bogobeth.co\/index.php\/producto\/pijama-termica\/","title":{"rendered":"PIJAMA T\u00c9RMICA"},"content":{"rendered":"<p>Prenda t\u00e9rmica dise\u00f1ada para conservar el calor, ligera y c\u00f3moda, ideal para mantener una temperatura, tela anti al\u00e9rgica<\/p>\n","protected":false},"excerpt":{"rendered":"<p>Prenda t\u00e9rmica dise\u00f1ada para conservar el calor, ligera y c\u00f3moda, ideal para mantener una temperatura, tela anti al\u00e9rgica<\/p>\n","protected":false},"featured_media":10301,"template":"","meta":[],"product_brand":[],"product_cat":[82,94],"product_tag":[],"class_list":{"0":"post-10340","1":"product","2":"type-product","3":"status-publish","4":"has-post-thumbnail","6":"product_cat-mujer","7":"product_cat-pijamas-mujer","9":"first","10":"instock","11":"taxable","12":"shipping-taxable","13":"purchasable","14":"product-type-variable"},"_links":{"self":[{"href":"https:\/\/bogobeth.co\/index.php\/wp-json\/wp\/v2\/product\/10340","targetHints":{"allow":["GET"]}}],"collection":[{"href":"https:\/\/bogobeth.co\/index.php\/wp-json\/wp\/v2\/product"}],"about":[{"href":"https:\/\/bogobeth.co\/index.php\/wp-json\/wp\/v2\/types\/product"}],"version-history":[{"count":2,"href":"https:\/\/bogobeth.co\/index.php\/wp-json\/wp\/v2\/product\/10340\/revisions"}],"predecessor-version":[{"id":10494,"href":"https:\/\/bogobeth.co\/index.php\/wp-json\/wp\/v2\/product\/10340\/revisions\/10494"}],"wp:featuredmedia":[{"embeddable":true,"href":"https:\/\/bogobeth.co\/index.php\/wp-json\/wp\/v2\/media\/10301"}],"wp:attachment":[{"href":"https:\/\/bogobeth.co\/index.php\/wp-json\/wp\/v2\/media?parent=10340"}],"wp:term":[{"taxonomy":"product_brand","embeddable":true,"href":"https:\/\/bogobeth.co\/index.php\/wp-json\/wp\/v2\/product_brand?post=10340"},{"taxonomy":"product_cat","embeddable":true,"href":"https:\/\/bogobeth.co\/index.php\/wp-json\/wp\/v2\/product_cat?post=10340"},{"taxonomy":"product_tag","embeddable":true,"href":"https:\/\/bogobeth.co\/index.php\/wp-json\/wp\/v2\/product_tag?post=10340"}],"curies":[{"name":"wp","href":"https:\/\/api.w.org\/{rel}","templated":true}]}}