{"id":10292,"date":"2025-12-16T08:56:22","date_gmt":"2025-12-16T13:56:22","guid":{"rendered":"https:\/\/new2025.bogobeth.co\/?post_type=product&#038;p=10292"},"modified":"2026-01-20T10:26:18","modified_gmt":"2026-01-20T15:26:18","slug":"pijama-satin","status":"publish","type":"product","link":"https:\/\/bogobeth.co\/index.php\/producto\/pijama-satin\/","title":{"rendered":"PIJAMA SAT\u00cdN ROSADA"},"content":{"rendered":"","protected":false},"excerpt":{"rendered":"<p>Pijama de sat\u00edn confeccionado en tela ligera y de acabado brillante, con tacto suave y ca\u00edda fluida.<\/p>\n<p>Manga larga disponible en talla: S M L XL valor: 160.000<\/p>\n","protected":false},"featured_media":10314,"template":"","meta":[],"product_brand":[],"product_cat":[82,94],"product_tag":[],"class_list":{"0":"post-10292","1":"product","2":"type-product","3":"status-publish","4":"has-post-thumbnail","6":"product_cat-mujer","7":"product_cat-pijamas-mujer","9":"first","10":"instock","11":"taxable","12":"shipping-taxable","13":"purchasable","14":"product-type-variable"},"_links":{"self":[{"href":"https:\/\/bogobeth.co\/index.php\/wp-json\/wp\/v2\/product\/10292","targetHints":{"allow":["GET"]}}],"collection":[{"href":"https:\/\/bogobeth.co\/index.php\/wp-json\/wp\/v2\/product"}],"about":[{"href":"https:\/\/bogobeth.co\/index.php\/wp-json\/wp\/v2\/types\/product"}],"version-history":[{"count":2,"href":"https:\/\/bogobeth.co\/index.php\/wp-json\/wp\/v2\/product\/10292\/revisions"}],"predecessor-version":[{"id":10489,"href":"https:\/\/bogobeth.co\/index.php\/wp-json\/wp\/v2\/product\/10292\/revisions\/10489"}],"wp:featuredmedia":[{"embeddable":true,"href":"https:\/\/bogobeth.co\/index.php\/wp-json\/wp\/v2\/media\/10314"}],"wp:attachment":[{"href":"https:\/\/bogobeth.co\/index.php\/wp-json\/wp\/v2\/media?parent=10292"}],"wp:term":[{"taxonomy":"product_brand","embeddable":true,"href":"https:\/\/bogobeth.co\/index.php\/wp-json\/wp\/v2\/product_brand?post=10292"},{"taxonomy":"product_cat","embeddable":true,"href":"https:\/\/bogobeth.co\/index.php\/wp-json\/wp\/v2\/product_cat?post=10292"},{"taxonomy":"product_tag","embeddable":true,"href":"https:\/\/bogobeth.co\/index.php\/wp-json\/wp\/v2\/product_tag?post=10292"}],"curies":[{"name":"wp","href":"https:\/\/api.w.org\/{rel}","templated":true}]}}