{"id":3,"date":"2024-07-02T10:51:48","date_gmt":"2024-07-02T15:51:48","guid":{"rendered":"http:\/\/barmont.co\/?page_id=3"},"modified":"2026-02-02T10:44:59","modified_gmt":"2026-02-02T15:44:59","slug":"politica-privacidad","status":"publish","type":"page","link":"https:\/\/bogobeth.co\/index.php\/politica-privacidad\/","title":{"rendered":"Pol\u00edtica de privacidad"},"content":{"rendered":"\t\t<div data-elementor-type=\"wp-page\" data-elementor-id=\"3\" class=\"elementor elementor-3\">\n\t\t\t\t<div class=\"elementor-element elementor-element-7a551b9c e-flex e-con-boxed e-con e-parent\" data-id=\"7a551b9c\" data-element_type=\"container\" data-e-type=\"container\">\n\t\t\t\t\t<div class=\"e-con-inner\">\n\t\t\t\t<div class=\"elementor-element elementor-element-3d990b63 color-scheme-inherit text-left elementor-widget elementor-widget-text-editor\" data-id=\"3d990b63\" data-element_type=\"widget\" data-e-type=\"widget\" data-widget_type=\"text-editor.default\">\n\t\t\t\t<div class=\"elementor-widget-container\">\n\t\t\t\t\t\t\t\t\t<h3>T\u00c9RMINOS, CONDICIONES Y POL\u00cdTICA DE PRIVACIDAD<\/h3><p>Las siguientes Condiciones Generales, Condiciones de venta y Pol\u00edtica de tratamiento de la informaci\u00f3n regulan el uso del sitio www.bogobeth.co (en adelante &#8220;sitio web&#8221;), del que\u00a0BOGOBETH\u00a0\u00a0(de ahora en adelante \u201cBOGOBETH\u201d) con NIT\u00a0__________ y domicilio en la Calle\u00a0________ en Bogot\u00e1, es titular.<\/p><p>A trav\u00e9s de www.bogobeth.co,\u00a0BOGOBETH entrega informaci\u00f3n acerca de sus productos y ofrece la posibilidad de comprarlos. Las personas que quieran realizar compras deben registrarse para de esta forma adquirir la condici\u00f3n de \u201cCliente\u201d. Algunas secciones del sitio web son accesibles a personas que no est\u00e1n registradas (en adelante, &#8220;Usuarios&#8221;). En este sentido, los Clientes y Usuarios aceptan los t\u00e9rminos y condiciones recogidos en este documento, en la medida que ello les pueda ser de aplicaci\u00f3n.<\/p><p>Si un usuario estuviera interesado en recibir alg\u00fan art\u00edculo fuera de Colombia debe ingresar a www.en.mattelsa.net<\/p><p>CONTACTO: Para cualquier tipo de duda, consulta o sugerencia, los Usuarios pueden llamar a BOGOBETH\u00a0al\u00a0____________ o escribir al\u00a0___________ de Lunes a S\u00e1bado de 9:00 a.m. a 8:00 p.m. y Domingos de 9:00 a.m. a 5:00 p.m.<\/p><p>\u00a0<\/p><h3>DISPONIBILIDAD DE LAS PRENDAS<\/h3><p>BOGOBETH informa al Cliente que las unidades disponibles en el sitio web corresponden a las existencias en la bodega. En ning\u00fan caso BOGOBETH\u00a0pondr\u00e1 a la venta de forma intencionada m\u00e1s unidades de las que disponga.<\/p><p>BOGOBETH, en casos dif\u00edcilmente controlables c\u00f3mo errores humanos o incidencias en los sistemas inform\u00e1ticos, en donde la cantidad en inventario disponible difiera del pedido realizado, BOGOBETH\u00a0informar\u00e1 al Cliente v\u00eda email de la anulaci\u00f3n total o parcial de su pedido, de manera que pueda seleccionar nuevos \u00edtems para su pedido o si el Cliente solicita devoluci\u00f3n de dinero, esta se realizar\u00e1 de acuerdo con lo estipulado en \u201cDEVOLUCIONES\u201d.<\/p><h3>PRECIOS<\/h3><p>Todos los precios de los productos son en pesos colombianos e incluyen el IVA y los dem\u00e1s impuestos que pudieran corresponder. Pero no incluyen los gastos correspondientes al env\u00edo de los productos, que se detallan en \u201cM\u00c9TODO DE ENV\u00cdO\u201d y deben ser aceptados por el Cliente.<\/p><h3>PAGOS<\/h3><p>El Cliente se compromete a pagar en el momento que realiza el pedido, la ropa m\u00e1s los gastos de env\u00edo. Estos valores ser\u00e1n mostrados previamente al Cliente antes de finalizar la compra. Los pagos se realizan a trav\u00e9s de\u00a0___________________ y est\u00e1n sujetos a sus condiciones y protocolos de seguridad. Los clientes pueden utilizar tarjetas de cr\u00e9dito de las franquicias Visa, MasterCard, American Express y Diners, su tarjeta d\u00e9bito a trav\u00e9s de PSE o pagar en efectivo con Baloto o Efecty.<\/p><p>Si la transacci\u00f3n es rechazada, el Cliente podr\u00e1 comunicarse directamente con su entidad bancaria para verificar la causa del rechazo. Si el pago es exitoso, el Cliente recibir\u00e1 un correo electr\u00f3nico, al e-mail registrado en el formulario de compra. Todas las transacciones estar\u00e1n sujetas a la verificaci\u00f3n del ingreso efectivo en la cuenta bancaria de BOGOBETH y a verificaciones adicionales.<\/p><p>En caso de los pagos en efectivo con Baloto o Efecty, el c\u00f3digo para pagar tiene una caducidad de 48 horas, si en este plazo el usuario no realiza el pago, este ser\u00e1 cancelado autom\u00e1ticamente.<\/p><p>BOGOBETH se reserva el derecho hacer las validaciones de datos pertinentes a trav\u00e9s de Mercado Pago, que demuestren la correcta identidad del tarjetahabiente con el fin de prevenir suplantaciones o fraudes. El pedido no ser\u00e1 enviado hasta no ser verificada la informaci\u00f3n.<\/p><p>Aunque BOGOBETH\u00a0dispone de un sistema de conexi\u00f3n segura para la realizaci\u00f3n de pagos de todas las compras, en ning\u00fan caso ser\u00e1 responsable por los fallos en las comunicaciones de las entidades bancarias, as\u00ed como tampoco de los da\u00f1os causados a los Clientes por dichas entidades.<\/p><p>En caso de sospecha o comprobaci\u00f3n del uso indebido de la pasarela de pagos incluyendo intento de fraude, actividades de \u201chacking\u201d o intento de violaci\u00f3n de los sistemas de seguridad, BOGOBETH\u00a0podr\u00e1 iniciar las acciones legales correspondientes.<\/p><p>BOGOBETH no asume ninguna responsabilidad cuando el usuario no haya procedido a notificar a las correspondientes entidades financieras de la p\u00e9rdida, el uso indebido, sustracci\u00f3n o hurto de los instrumentos o informaci\u00f3n personal conferidos por \u00e9stas para realizar transacciones.<\/p><p>El Cliente deber\u00e1 notificar a BOGOBETH cualquier cargo indebido en la tarjeta utilizada para las compras en el menor tiempo posible para que BOGOBETH\u00a0pueda realizar las gestiones oportunas.<\/p><p>\u00a0<\/p><h3>ENV\u00cdOS<\/h3><p><strong>I. Entrega del producto<\/strong><\/p><p>BOGOBETH se compromete a entregar el producto en perfecto estado en la direcci\u00f3n que el Cliente se\u00f1ale en el formulario de datos de env\u00edo. Con el fin de optimizar la entrega, BOGOBETH\u00a0sugiere al Cliente que indique una direcci\u00f3n en la cual el pedido pueda ser entregado dentro del horario laboral habitual.<\/p><p>BOGOBETH no ser\u00e1 responsable por los errores causados en la entrega cuando la direcci\u00f3n de entrega introducida por el Cliente en el formulario de datos de env\u00edo no se ajuste a la realidad, o hayan sido omitidos algunos datos.<\/p><p>El env\u00edo del pedido ser\u00e1 gratuito en caso de que la ropa SIN descuento sume $40.000 o m\u00e1s.<\/p><p><strong>II. Plazo de Entrega<\/strong><\/p><p>BOGOBETH realiza los env\u00edos utilizando los servicios de ________________. El pedido realizado ser\u00e1 entregado en un plazo que depende de la ubicaci\u00f3n del Cliente, publicado en la secci\u00f3n &#8220;Tiempos y costos de env\u00edo&#8221;<\/p><p>Clic aqu\u00ed para ver tiempo de entrega y costo para cada poblaci\u00f3n.<\/p><p>El Cliente debe tener en cuenta que d\u00edas no laborales como s\u00e1bados, domingos o d\u00edas festivos pueden demorar un poco su pedido.\u00a0<\/p><p>Estos plazos son una estimaci\u00f3n. Por ello, es posible que var\u00eden por razones log\u00edsticas o de fuerza mayor. En caso de retrasos en las entregas, BOGOBETH informar\u00e1 al Cliente tan pronto como sepa de ello.<\/p><p><strong>II. Datos de Entrega, entregas no realizadas y extrav\u00edo<\/strong><\/p><p>Si la empresa transportadora va a entregar un pedido y el Cliente no est\u00e1; ellos volver\u00e1n a intentarlo hasta dos veces m\u00e1s. (Generalmente en d\u00edas consecutivos). Si se reporta una novedad con la entrega, BOGOBETH\u00a0se comunica con el Cliente para darle soluci\u00f3n a la misma. En caso de que BOGOBETH\u00a0no pueda comunicarse, el pedido ser\u00e1 devuelto a nuestro Centro de Distribuci\u00f3n y el Cliente deber\u00e1 hacerse cargo de los gastos de env\u00edo.<\/p><p>Cada entrega se considera efectuada a partir del momento en el cual la empresa de transportes pone el producto a disposici\u00f3n del Cliente, esto se evidencia a trav\u00e9s del sistema de seguimiento de paquetes utilizado por la empresa de transportes.<\/p><p>Si el motivo por el que no se ha podido realizar la entrega es el extrav\u00edo del paquete, la empresa de transporte iniciar\u00e1 una investigaci\u00f3n. En este caso BOGOBETH\u00a0estar\u00e1 en contacto con el Cliente para hacer un nuevo despacho o devoluci\u00f3n.<\/p><p><strong>IV. Problemas en el momento de la entrega<\/strong><\/p><p>El Cliente deber\u00e1 comprobar el buen estado del paquete en el momento de recibirlo. Si una vez revisado el producto, el Cliente ve indicios de haber sido abierto o identifica alg\u00fan imperfecto causado en el transporte, \u00e9ste se compromete a comunicarlo a BOGOBETH en el menor tiempo posible dentro de las siguientes 48 horas desde la entrega. A partir de ese momento no se atender\u00e1n incidencias de este tipo.<\/p><p>\u00a0<\/p><h3>CAMBIOS, DEVOLUCIONES Y GARANT\u00cdAS<\/h3><p>Para solicitar un cambio o devoluci\u00f3n, el Cliente puede acercarse a cualquier tienda f\u00edsica en Colombia con la ropa nueva y en perfecto estado, todas sus etiquetas y marquillas pegadas y la factura de compra correspondiente.<\/p><p>Los cambios pueden hacerse dentro de los 30 d\u00edas calendario posterior a la fecha de la compra.<\/p><p>Los cambios no aplican para tops tipo body pero si aplica la garant\u00eda por calidad.<\/p><p><strong>I. Cambios de ropa<\/strong><\/p><p>Para realizar un cambio a trav\u00e9s del sitio web, el Cliente debe comunicarse con BOGOBETH\u00a0para aprobarlo.\u00a0<\/p><p><strong>II. Devoluci\u00f3n de dinero<\/strong><\/p><p>Si el Cliente devuelve productos, esto dar\u00e1 lugar a un reembolso igual al valor de los productos devueltos. \u00danicamente en el caso donde el producto entregado sea defectuoso o incorrecto, BOGOBETH reembolsar\u00e1 tambi\u00e9n al Cliente los gastos de env\u00edo correspondientes, de lo contrario no habr\u00e1 devoluciones del gasto de env\u00edo.<\/p><p>Las devoluciones y las anulaciones de pedido parciales dar\u00e1n lugar a reembolsos parciales. BOGOBETH\u00a0aceptar\u00e1 cancelaciones de pedidos cuando se soliciten antes del env\u00edo del mismo. Para realizar la cancelaci\u00f3n el Cliente debe comunicarse con BOGOBETH.<\/p><p>La devoluci\u00f3n de dinero se har\u00e1 a la cuenta bancaria del el Cliente cr\u00e9dito o d\u00e9bito. El plazo es de 30 d\u00edas h\u00e1biles.<\/p><p>Si es tarjeta de cr\u00e9dito, depender\u00e1 de las fechas de corte de la tarjeta y los tiempos de la entidad financiera; esto puede tomar hasta 2 meses.<\/p><p>Si el pago se hizo en efectivo, por Efecty o Baloto. La devoluci\u00f3n de dinero se har\u00e1 a una cuenta d\u00e9bito (no se hacen devoluciones de dinero a trav\u00e9s de Efecty ni Baloto).<\/p><p><strong>III. Garant\u00edas<\/strong><\/p><p>Para hacer efectiva una garant\u00eda el Cliente tiene dos opciones:<\/p><p>Acercarse a cualquier tienda en Colombia, con la ropa y la factura de compra correspondiente.<\/p><p>Enviar las fotos de la prenda con problemas a info@bogobeth.co para evaluar el caso, aprobarlo, recoger la ropa defectuosa y enviar la nueva. BOGOBETH asume todos los costos de env\u00edo.<\/p><p>La garant\u00eda perder\u00e1 su vigencia pasados 60 d\u00edas desde la fecha de la compra, o en caso de defectos o deterioros causados por factores externos como, accidentes, desgaste por uso y lavado, o por cuidado no conforme con las instrucciones dadas en las etiquetas internas de la ropa.<\/p><p>Quedan excluidos de la garant\u00eda los productos modificados o reparados por el Cliente y no cubrir\u00e1 los productos da\u00f1ados por un uso inadecuado.<\/p><p>\u00a0<\/p><h3>SEGURIDAD EN EL E-COMMERCE<\/h3><p>Realizar pagos a trav\u00e9s del sitio web de BOGOBETH es seguro porque:<\/p><p>BOGOBETH cuenta con m\u00e1ximas medidas de seguridad. El proceso funciona sobre un servidor seguro utilizando el protocolo SSL (Secure Socket Layer). El servidor seguro establece una conexi\u00f3n que asegura que s\u00f3lo sea inteligible para el ordenador del Cliente y el del E-Commerce. De esta forma, al utilizar el protocolo SSL se garantiza:<\/p><p>Que el Cliente est\u00e1 comunicando sus datos \u00fanicamente al centro servidor de BOGOBETH.<\/p><p>Que entre el Cliente y el centro servidor de BOGOBETH\u00a0los datos se transmiten cifrados, evitando su posible lectura o manipulaci\u00f3n por terceros.<\/p><p>Desde www.bogobeth.co, BOGOBETH\u00a0no captura, almacena ni transmite datos transaccionales, ya que cuenta con las pasarelas de pago:\u00a0______________ (Tarjeta de cr\u00e9dito, Baloto y Efecty) y Zona pagos (Tarjeta D\u00e9bito) certificadas con PCI; certificado en altos est\u00e1ndares de seguridad que incluyen entre otros; software de encriptaci\u00f3n, procedimientos de validaci\u00f3n y medidas robustas de protecci\u00f3n de datos.\u00a0<\/p><h3>ACCESO A CONTENIDOS DE BOGOBETH<\/h3><p>Los Clientes y Usuarios son totalmente responsables de su conducta al acceder a la informaci\u00f3n del sitio web mientras naveguen en el mismo, as\u00ed como despu\u00e9s de haber accedido. Como consecuencia de lo anterior, los Clientes y Usuarios son los \u00fanicos responsables ante BOGOBETH\u00a0y terceros de las consecuencias que se puedan derivar de una utilizaci\u00f3n:<\/p><p>Con fines o efectos il\u00edcitos o contrarios al presente documento, de cualquier contenido del sitio web, elaborado o no por BOGOBETH, publicado o no bajo su nombre de forma oficial.<\/p><p>contraria al contenido del presente documento y lesiva de los intereses o derechos de terceros, o que de cualquier forma pueda da\u00f1ar, inutilizar o deteriorar el sitio web o sus servicios o impedir el normal disfrute por otros Usuarios.<\/p><p>BOGOBETH se reserva el derecho a actualizar los contenidos cuando lo vea conveniente, as\u00ed como a eliminarlos, limitarlos o impedir el acceso a ellos, de manera temporal o definitiva, as\u00ed como denegar el acceso al sitio web por parte de Clientes y Usuarios que hagan un mal uso de los contenidos y\/o incumplan cualquiera de las condiciones que aparecen en el presente documento.<\/p><p>\u00a0<\/p><h3>PROPIEDAD INTELECTUAL<\/h3><p>BOGOBETH tiene todos los derechos sobre el contenido, dise\u00f1o, diagramaci\u00f3n y c\u00f3digo fuente de esta p\u00e1gina Web y, en especial, sobre las fotograf\u00edas, im\u00e1genes, logos, dise\u00f1os de la ropa, marcas y nombres comerciales que se incluyen en el sitio web. Estos derechos est\u00e1n protegidos por la legislaci\u00f3n vigente relativa a la propiedad intelectual.<\/p><p>Queda expresamente prohibida la reproducci\u00f3n total o parcial de este sitio web sin el permiso expreso y por escrito de BOGOBETH.<\/p><p>Asimismo, queda totalmente prohibida la copia, reproducci\u00f3n, adaptaci\u00f3n, modificaci\u00f3n, distribuci\u00f3n, comercializaci\u00f3n, comunicaci\u00f3n p\u00fablica y\/o cualquier otra acci\u00f3n que comporte una infracci\u00f3n de la normativa vigente en Colombia o en el resto del mundo en materia de propiedad intelectual y\/o industrial si no es con la previa autorizaci\u00f3n expresa y por escrito de BOGOBETH.<\/p><p>BOGOBETH informa que no concede licencia o autorizaci\u00f3n impl\u00edcita alguna sobre los derechos de propiedad intelectual y\/o industrial o sobre cualquier otro derecho o propiedad relacionado, directa o indirectamente, con los contenidos incluidos en su sitio web.<\/p><p>\u00a0<\/p><h3>RESPONSABILIDAD<\/h3><p>BOGOBETH no asume responsabilidad derivada del acceso de menores de edad a los contenidos incluidos en el sitio web, siendo responsabilidad de sus padres ejercer un control adecuado sobre la actividad de los hijos o menores a su cargo o bien instalar alguna de las herramientas de control del uso de Internet con el objeto de evitar el acceso a materiales o contenidos no aptos para menores, as\u00ed como el env\u00edo de datos personales sin la previa autorizaci\u00f3n de sus padres o tutores.<\/p><p><strong>BOGOBETH no ser\u00e1 responsable en ning\u00fan caso cuando se produzcan:<\/strong><\/p><p>Errores o retrasos en el acceso al sitio web por parte del Cliente a la hora de introducir sus datos en el formulario de pedido, la lentitud o imposibilidad de recepci\u00f3n por parte de los Clientes de la confirmaci\u00f3n del pedido o cualquier anomal\u00eda que pueda surgir cuando estas incidencias sean debidas a problemas en la red Internet, causas de fuerza mayor y cualquier otra contingencia imprevisible ajena a la buena fe de BOGOBETH.<\/p><p>Fallos o incidencias que pudieran producirse en las comunicaciones, borrado o transmisiones incompletas, de manera que no se garantiza que los servicios del sitio web est\u00e9n constantemente operativos.<\/p><p>De errores o da\u00f1os producidos al sitio web por un uso del servicio ineficiente y de mala fe por parte del Cliente.<\/p><p>\u00a0<\/p><h3>POLITICA DE TRATAMIENTO DE LA INFORMACI\u00d3N<\/h3><p>BOGOBETH S.A.S., sociedad identificada con NIT &#8212;&#8212;&#8212;&#8212;&#8212;&#8212;&#8212;&#8212;&#8211;, domiciliada en la\u00a0 __________________ de la ciudad de\u00a0______ y tel\u00e9fono ___________, es responsable del manejo de datos personales y lo har\u00e1 obrando con criterios de confidencialidad, seguridad y circulaci\u00f3n restringida.<\/p><p>Para la principal actividad de la empresa, la cual se basa en la producci\u00f3n y comercializaci\u00f3n de ropa; BOGOBETH requiere acceso a los datos de clientes, proveedores, empleados y dem\u00e1s terceros para el normal funcionamiento de sus actividades comerciales y laborales.<\/p><h3><strong>Manera de obtener los datos<\/strong><\/h3><p>Uno de los m\u00e9todos mediante el cual BOGOBETH\u00a0recopila datos de sus clientes es a trav\u00e9s de su p\u00e1gina oficial www.mattelsa.net al momento del cliente hacer sus compras virtuales. En su p\u00e1gina y tienda virtual BOGOBETH\u00a0le solicita a los clientes, por medio de un formulario, la informaci\u00f3n b\u00e1sica personal para poder realizar env\u00edos, tambi\u00e9n se puede presentar que los clientes proporcionen sus datos personales de manera espont\u00e1nea queriendo recibir informaci\u00f3n especial por parte de la empresa.<\/p><p>El manejo de los datos con personas naturales o jur\u00eddicas susceptibles de una relaci\u00f3n con BOGOBETH, se realiza a trav\u00e9s de correos electr\u00f3nicos corporativos u otros medios utilizados para el conocimiento de los datos pertinentes.<\/p><h3>Tratamiento, seguridad y exclusividad de datos<\/h3><p>BOGOBETH garantiza que al obtener los datos personales son de acceso y uso exclusivo de la compa\u00f1\u00eda y el tratamiento que se les da es confiable y seguro. Los datos autorizados ser\u00e1n utilizados \u00fanicamente por personas autorizadas por la empresa. De igual manera, BOGOBETH\u00a0cuenta con un equipo de trabajo calificado para el manejo de la informaci\u00f3n, desde el manejo de la base de datos hasta recursos tecnol\u00f3gicos destinados a este fin.<\/p><p>\u00a0<\/p><h3><strong>Finalidad de la informaci\u00f3n<\/strong><\/h3><p>BOGOBETH garantiza que la finalidad del manejo de datos personales es asegurar el ejercicio normal de las relaciones comerciales y laborales; as\u00ed como de sus actividades inherentes.<\/p><h3>Derechos como titular y procedimientos espec\u00edficos<\/h3><p>Los derechos que asisten al cliente como titular de los datos suministrados, son: el derecho a conocer, actualizar, rectificar y suprimir su informaci\u00f3n personal, a revocar el consentimiento otorgado, solicitar prueba de la autorizaci\u00f3n, a solicitar y recibir informaci\u00f3n acerca de la finalidad del uso de sus datos, presentar quejas ante la SIC por mal uso de sus datos, y a informarse gratuitamente de los datos objeto de tratamiento. Se aclara que en caso de que se requiera hacer uso de datos que versen sobre datos sensibles o sobre datos de ni\u00f1as, ni\u00f1os y adolescentes el Cliente podr\u00e1 abstenerse de suministrar dicha informaci\u00f3n, entendiendo por datos sensibles aquellos que afectan la intimidad del Titular o cuyo uso indebido puede generar su discriminaci\u00f3n.<\/p><p>Conforme a lo anterior, la atenci\u00f3n de peticiones, consultas y reclamos, est\u00e1 a cargo de:<\/p><p>* ______________, Director de eCommerce, con quien se puede comunicar enviando un correo a info@bogobeth.co, para datos relacionados con clientes.\u00a0<\/p><p>\u00a0<\/p><h3><strong>Datos sensibles y de menores de edad<\/strong><\/h3><p>\u00a0<\/p><p>BOGOBETH se compromete a dar el uso adecuado y seguro a los datos de ni\u00f1as, ni\u00f1os y adolescentes menores de 18 a\u00f1os, respondiendo y respetando el inter\u00e9s superior de los ni\u00f1os; as\u00ed como respetar\u00e1 y dar\u00e1 un manejo adecuado a los datos sensibles, siendo consciente de que ameritan un cuidado especial y sin perjuicio de ninguno de sus derechos fundamentales y entendiendo que los datos sensibles son aquellos que afectan la intimidad del Titular o cuyo uso indebido puede generar su discriminaci\u00f3n, tales como aquellos que revelen el origen racial o \u00e9tnico.<\/p><p>La pol\u00edtica de tratamiento de informaci\u00f3n tiene duraci\u00f3n indefinida en el tiempo y es publicada a los interesados a partir del d\u00eda 30 de septiembre de 2013.<\/p><p>El tiempo durante el cual BOGOBETH\u00a0hace uso de los datos es por tiempo indefinido o hasta que las personas involucradas lo determinen y depende de las necesidades de la empresa para realizar su actividad.\u00a0<\/p><p>Cuando los datos versen sobre datos sensibles o sobre datos de ni\u00f1as, ni\u00f1os y adolescentes podr\u00e1 abstenerse de responder, entendiendo por datos sensibles aquellos que afectan la intimidad del Titular o cuyo uso indebido puede generar su discriminaci\u00f3n.<\/p><p>Si el Cliente ya hac\u00eda parte de la base de datos de BOGOBETH, es necesario contar con su autorizaci\u00f3n para continuar teniendo registro y haciendo uso de sus datos. Si despu\u00e9s de 30 d\u00edas h\u00e1biles de recibir este aviso no realiza la acci\u00f3n correspondiente a revocar la autorizaci\u00f3n, se entiende de manera inequ\u00edvoca y expresa que usted da autorizaci\u00f3n de mantener su informaci\u00f3n, lo anterior, conforme a la ley 1581 de 2012 y su decreto reglamentario 1377 de 2013.<\/p><p>Si usted est\u00e1 de acuerdo con lo que dispone esta pol\u00edtica y autoriza a BOGOBETH a hacer uso de sus datos personales, tenga presente esta informaci\u00f3n para acciones futuras. Si por el contrario, desea que sus datos no sean utilizados por la empresa en ning\u00fan contexto, puede comunicarse con la persona anteriormente designada como responsable a trav\u00e9s de su correos electr\u00f3nico.<\/p>\t\t\t\t\t\t\t\t<\/div>\n\t\t\t\t<\/div>\n\t\t\t\t\t<\/div>\n\t\t\t\t<\/div>\n\t\t\t\t<\/div>\n\t\t","protected":false},"excerpt":{"rendered":"<p>T\u00c9RMINOS, CONDICIONES Y POL\u00cdTICA DE PRIVACIDAD Las siguientes Condiciones Generales, Condiciones de venta y Pol\u00edtica de tratamiento de la informaci\u00f3n<\/p>\n","protected":false},"author":1,"featured_media":0,"parent":0,"menu_order":0,"comment_status":"closed","ping_status":"closed","template":"elementor_header_footer","meta":{"footnotes":""},"class_list":["post-3","page","type-page","status-publish","hentry"],"_links":{"self":[{"href":"https:\/\/bogobeth.co\/index.php\/wp-json\/wp\/v2\/pages\/3","targetHints":{"allow":["GET"]}}],"collection":[{"href":"https:\/\/bogobeth.co\/index.php\/wp-json\/wp\/v2\/pages"}],"about":[{"href":"https:\/\/bogobeth.co\/index.php\/wp-json\/wp\/v2\/types\/page"}],"author":[{"embeddable":true,"href":"https:\/\/bogobeth.co\/index.php\/wp-json\/wp\/v2\/users\/1"}],"replies":[{"embeddable":true,"href":"https:\/\/bogobeth.co\/index.php\/wp-json\/wp\/v2\/comments?post=3"}],"version-history":[{"count":33,"href":"https:\/\/bogobeth.co\/index.php\/wp-json\/wp\/v2\/pages\/3\/revisions"}],"predecessor-version":[{"id":10688,"href":"https:\/\/bogobeth.co\/index.php\/wp-json\/wp\/v2\/pages\/3\/revisions\/10688"}],"wp:attachment":[{"href":"https:\/\/bogobeth.co\/index.php\/wp-json\/wp\/v2\/media?parent=3"}],"curies":[{"name":"wp","href":"https:\/\/api.w.org\/{rel}","templated":true}]}}